{"id":163,"date":"2025-08-01T11:55:44","date_gmt":"2025-08-01T11:55:44","guid":{"rendered":"https:\/\/marxtie.com\/web\/?page_id=163"},"modified":"2025-08-04T10:52:40","modified_gmt":"2025-08-04T10:52:40","slug":"infrastructures-it","status":"publish","type":"page","link":"https:\/\/marxtie.com\/web\/infrastructures-it\/","title":{"rendered":"Infrastructures IT"},"content":{"rendered":"\n\n\n\n\n\n\nInfrastructure IT\n\n\n\n<p style=\"text-align: justify;\">\u00c9tude, planification et d\u00e9ploiement de r\u00e9seaux informatiques adapt\u00e9s aux besoins de l\u2019entreprise, assurant connectivit\u00e9, performance et \u00e9volutivit\u00e9 aussi bien en local (LAN) qu\u2019en environnement \u00e9tendu (WAN) ou sans fil (Wi-Fi).<\/p>\n\n\n<p style=\"text-align: justify;\">Mise en place de serveurs performants et s\u00e9curis\u00e9s pour h\u00e9berger vos applications, bases de donn\u00e9es ou services m\u00e9tiers, que ce soit sur du mat\u00e9riel d\u00e9di\u00e9 ou dans un environnement virtualis\u00e9.<\/p>\n\n\n<p style=\"text-align: justify;\">Optimisation de vos ressources informatiques gr\u00e2ce \u00e0 la virtualisation de serveurs, postes de travail ou r\u00e9seaux, r\u00e9duisant les co\u00fbts et am\u00e9liorant la flexibilit\u00e9 et la r\u00e9silience de votre infrastructure.<\/p>\n\n\n\n\n<p style=\"text-align: justify;\">D\u00e9ploiement de solutions de stockage centralis\u00e9, \u00e9volutif et s\u00e9curis\u00e9 permettant un acc\u00e8s rapide aux donn\u00e9es, une sauvegarde efficace et une continuit\u00e9 de service, que ce soit en local ou via des solutions hybrides (cloud + on-premise).<\/p>\n\n\n<p style=\"text-align: justify;\">Protection proactive de vos syst\u00e8mes contre les menaces internes et externes \u00e0 travers l\u2019impl\u00e9mentation de dispositifs de s\u00e9curit\u00e9 avanc\u00e9s, le chiffrement, la gestion des acc\u00e8s et des communications s\u00e9curis\u00e9es.<\/p>\n\n\n<p style=\"text-align: justify;\">Mise en place de strat\u00e9gies robustes pour garantir la continuit\u00e9 des op\u00e9rations en cas d\u2019incident majeur ou de sinistre, assurant la restauration rapide des syst\u00e8mes critiques et la minimisation des pertes de donn\u00e9es.<\/p>\n\n\n\n\n","protected":false},"excerpt":{"rendered":"","protected":false},"author":1,"featured_media":0,"parent":0,"menu_order":0,"comment_status":"closed","ping_status":"closed","template":"","meta":{"pagelayer_contact_templates":[],"_pagelayer_content":"","footnotes":""},"class_list":["post-163","page","type-page","status-publish","hentry"],"_links":{"self":[{"href":"https:\/\/marxtie.com\/web\/wp-json\/wp\/v2\/pages\/163","targetHints":{"allow":["GET"]}}],"collection":[{"href":"https:\/\/marxtie.com\/web\/wp-json\/wp\/v2\/pages"}],"about":[{"href":"https:\/\/marxtie.com\/web\/wp-json\/wp\/v2\/types\/page"}],"author":[{"embeddable":true,"href":"https:\/\/marxtie.com\/web\/wp-json\/wp\/v2\/users\/1"}],"replies":[{"embeddable":true,"href":"https:\/\/marxtie.com\/web\/wp-json\/wp\/v2\/comments?post=163"}],"version-history":[{"count":6,"href":"https:\/\/marxtie.com\/web\/wp-json\/wp\/v2\/pages\/163\/revisions"}],"predecessor-version":[{"id":245,"href":"https:\/\/marxtie.com\/web\/wp-json\/wp\/v2\/pages\/163\/revisions\/245"}],"wp:attachment":[{"href":"https:\/\/marxtie.com\/web\/wp-json\/wp\/v2\/media?parent=163"}],"curies":[{"name":"wp","href":"https:\/\/api.w.org\/{rel}","templated":true}]}}